25/6))/(5/(-900)). Suppose 0 = 13*o - 5*o - h. Calculate the greatest common divisor of 675 and o.
27
Suppose -v + 2*z + 5140 = 0, -84 = -3*z - 69. Calculate the highest common factor of v and 412.
206
Suppose 6*c - 7 = 7*c. Let z be 8/2 - (c - -11). Suppose z = 5*f + 2*s - 396, -2*f + 200 = -3*s + 53. What is the highest common factor of 13 and f?
13
Suppose 0 = 3*v - 2*j - 35, 28 = 3*v - 41*j + 46*j. Suppose y = -3*y + 16, n = 2*y + 3. What is the highest common divisor of v and n?
11
Suppose 5*m = -4*a + 97 + 111, 2*m = 0. Let u be ((-6)/(-9)*15)/(2/(-24)). Let c = 198 + u. Calculate the highest common factor of a and c.
26
Let s be (152 + 1 + -1)*(200/16)/25. What is the greatest common factor of 268 and s?
4
Let j = 326 - 335. Let u(v) = -13*v - 72. Let b be u(j). What is the greatest common factor of 99 and b?
9
Let o(g) = 23*g + 81. Let p be o(-2). Calculate the highest common factor of p and 1351.
7
Let a = 29422 - 26518. Calculate the highest common factor of 18 and a.
6
Suppose 3*n - 5*x = 4 + 9, -3*x - 21 = -4*n. Let t = -745 - -787. What is the greatest common divisor of t and n?
6
Let u(r) be the first derivative of 43*r**2/2 + 2*r - 181. Let j be u(2). Calculate the greatest common factor of 968 and j.
88
Suppose -4*t = -5*n - 138, -t = -4*t - 5*n + 121. Suppose t = 6*h - 59. What is the greatest common divisor of h and 56?
8
Let u = 42 - 42. Suppose -d + 47 = 2*f + 9, 4*f + d - 80 = u. Let l(j) = -8*j + 69. Let p be l(6). What is the greatest common factor of p and f?
21
Suppose -k - 4*i - 8 = -0*i, 0 = i + 4. Let g be 1798/8 + (-6)/k. What is the highest common factor of 21 and g?
7
Suppose -6 + 10 = 4*l. Let a(f) = 47*f - 10. Let p be a(l). Calculate the greatest common factor of 999 and p.
37
Let w be 1228/32 + (-21)/56. Suppose -w - 32 = -10*i. Let n be 138/4 + 2/4. What is the greatest common factor of n and i?
7
Suppose -83 - 25 = -12*x. Let y = -84 + 183. What is the greatest common divisor of x and y?
9
Let m = 8 + -3. Suppose x = -m*h + 255, 3*h - h - x = 102. Let p(z) = 8*z**2 + 417*z + 69. Let u be p(-52). Calculate the greatest common divisor of u and h.
17
Let x(r) = -420*r - 1358. Let v be x(-20). Calculate the highest common divisor of v and 42.
14
Suppose -m + 1 = -3. Let f(o) = o**3 + 98*o**2 - 408*o + 4. Let w be f(-102). What is the highest common factor of w and m?
4
Suppose -2579 = -4*m + 2*h - 3*h, 2*m = -4*h + 1300. What is the greatest common factor of 276 and m?
92
Suppose 53905 = 3*r - 5*w + 3735, 83596 = 5*r + 2*w. What is the highest common divisor of r and 110?
110
Let q be 1/(6/(-52)*(-21)/63). Calculate the highest common factor of q and 50.
2
Let a(t) = -5*t**3 - 16*t**2 - 2*t + 7. Let z be a(-3). Calculate the highest common factor of 250 and z.
2
Let t(h) be the first derivative of 3 - 10*h + 9/2*h**2. Let q be t(4). Calculate the greatest common divisor of 13 and q.
13
Suppose 56 = 5*i - 4*f - 179, 5*i = 2*f + 245. Calculate the highest common factor of 323 and i.
17
Suppose -12*t + 57*t - 491352 = -14*t. What is the highest common divisor of 120 and t?
24
Let r(f) = -f**3 + 22*f**2 + 21*f + 139. Let c be r(23). Calculate the highest common factor of 3813 and c.
93
Let t be (-3)/((-6)/(-86)) - -2. Let r(p) = 111*p**2 - 92*p + 92. Let d be r(1). Let w = d + t. Calculate the greatest common factor of 7 and w.
7
Let j be (-174)/(-319) + (-516)/(-22). Calculate the highest common divisor of 392 and j.
8
Let x = -58 - -88. Suppose 22*t - 13*t = 18. Suppose j = t*j + 2*q - 10, -5*j + 125 = -5*q. Calculate the greatest common factor of j and x.
10
Let s be 20/(-4) + (-19 - -25). Suppose -1620 = -3*f - 135. Let b be 21/28 - s*f/(-12). Calculate the greatest common divisor of 462 and b.
42
Suppose -1428 = -4071*n + 4057*n. What is the highest common factor of 25602 and n?
102
Suppose -3*c + 97 = 2*d - 108, 5*c - 345 = -4*d. Suppose -11 + c = -3*j. Let h = j + 30. What is the highest common divisor of h and 180?
12
Let q be (7 + -7)*4/8. Suppose q = 3*z - 52 - 17. Calculate the highest common divisor of z and 92.
23
Suppose -281*o + 386*o = 483210. What is the highest common divisor of o and 236?
118
Let k be 1*((-3)/(-7) - 36/84). Suppose -6*f = 4*q - 3*f - 21, -4*q - 4*f + 24 = k. What is the highest common factor of q and 15?
3
Suppose f + 4 = 0, 2*b + 2*b - 4 = 4*f. Let w be b*(-15 + -1 + -5). Calculate the highest common factor of w and 63.
63
Let q be -19*(-1 + -2) - 5. Let n be (-257)/(-15) - q/390. Calculate the greatest common factor of n and 34.
17
Suppose 2*u - u = -129. Let d = u + 253. Let z = -14342 - -14373. Calculate the greatest common factor of d and z.
31
Suppose -2*u = -18 - 32. Suppose -2*k + 17*g + 3459 = 14*g, -4*g - 1732 = -k. Let q = 1753 - k. What is the highest common factor of u and q?
25
Let q be (-17 + -5 + 10)*(-3)/12. Suppose 2*u = q*h + 94, -4*u - 44 + 246 = h. What is the highest common divisor of u and 30?
10
Let p(f) = -19*f - 72. Let d be p(-4). Suppose -33*a + 851 = d*a. Calculate the greatest common factor of a and 115.
23
Let k(c) = 148*c**2 + c + 1. Let r be k(-1). Suppose -s = 4*g + r, 6*s - 4*s = 4*g + 160. Let z = 83 + g. What is the highest common factor of z and 15?
15
Let u = 103 - 193. Let v = -44 - u. Calculate the highest common divisor of v and 2.
2
Let o = 1267 + -1113. Let l be -12 + (2 + -1 - 0). Let m be l/(-1)*2 - 0. Calculate the greatest common divisor of o and m.
22
Let i = -45 - -43. Let l be 204/i*(-26)/39. Let h = -67 + l. What is the highest common divisor of h and 8?
1
Suppose 2343 = 15*y + 1173. What is the greatest common divisor of y and 12246?
78
Suppose 4*i = 5*f - 65, -f - i = -3*i - 19. Suppose 0 = -53*h + 13685 - 2714. What is the highest common factor of f and h?
9
Suppose -4*l - 3*y + 2 = -4, -y = -4*l + 14. Suppose 4*k - 390 = -5*j, -l*k + 212 = 3*j - 5*k. What is the highest common factor of j and 407?
37
Suppose -4*a - 28 + 4 = 0. Suppose -10*j + 1350 = -j. Let o be a/(-9)*(j/4 - 0). Calculate the highest common divisor of o and 75.
25
Let q = 856 - -173. Let f be (-8)/10 + q/105. Let o(j) = 5*j - 27. Let n be o(f). Calculate the highest common factor of 9 and n.
9
Let c = 3952 + -3627. Calculate the greatest common divisor of 39 and c.
13
Suppose 4*k + 2 - 10 = 0. Let q(x) = 6*x - 4*x**k + 5*x**3 - 9*x**3 + 3*x**3. Let u be q(-6). What is the greatest common divisor of 12 and u?
12
Suppose 3*u = -6*d + 4*d + 218, 5*u = d + 359. Suppose 149201 = 428*g + 959*g - 17239. What is the greatest common divisor of u and g?
24
Let m = -165 - -320. What is the greatest common factor of 899 and m?
31
Let a(o) = -2*o - 2. Let n be a(0). Let z(k) = 4*k**2 + 2*k - 2. Let u be z(n). Suppose -4*p = -u*p + 108. What is the greatest common factor of 45 and p?
9
Suppose n + 3 = a, -4*a + 6*n = 4*n - 16. Let y = 0 - -3. Calculate the highest common factor of y and a.
1
Suppose 25 = -5*h, 5*h = -3*m + 2*h + 6048. What is the greatest common divisor of 344 and m?
43
Let y(q) = q + 11. Let z be y(-8). Suppose 524 - 53 = 4*p - z*o, 0 = p - o - 119. Let h = p + -69. Calculate the highest common divisor of h and 495.
45
Let n = -68 - -72. Suppose 2 = -n*c + 10. Let b be 0/2 - c - (-5 + -2). What is the highest common divisor of 25 and b?
5
Suppose 5*a - 32 = 2*l, -4*l - 24 = -0*a - 5*a. Let v(b) = 9*b**3 - 1. Let c be v(1). Let j = c - -48. Calculate the highest common divisor of a and j.
8
Let u be (160 - -1380)/(4/10). Calculate the highest common factor of u and 35.
35
Let d = -121 - -177. Suppose -7*r = -11*r + 5*z + 419, 0 = -r - 5*z + 86. Suppose -r*k = -102*k + 16. Calculate the highest common factor of d and k.
8
Suppose 234*z + 4383 = 15381. Calculate the highest common divisor of z and 376.
47
Let v(c) = 2*c + 11. Let u be v(-3). Suppose -y - 2*x = -0*y + 50, 0 = 4*y - u*x + 135. Let n = y - -56. What is the greatest common factor of n and 80?
16
Let n = 4596 + -3925. What is the highest common divisor of n and 22?
11
Suppose 3*t + 2*w + 30 = 89, 2*t = -4*w + 42. Suppose 0 = 11*j - t*j + 960. Suppose h + 75 = 6*h. Calculate the greatest common factor of h and j.
15
Suppose 1837 = 12*g - 3239. Calculate the greatest common divisor of g and 72.
9
Let b(h) = -h + 67. Let s be b(13). Suppose -s = 4*x - 1242. What is the greatest common factor 